[INFO] fetching crate wasmy 0.5.6...
[INFO] checking wasmy-0.5.6 against master#9610dfe5a9a731ced1ea4923ecbd0c57fe367898 for beta-170-4
[INFO] extracting crate wasmy 0.5.6 into /workspace/builds/worker-5-tc1/source
[INFO] validating manifest of crates.io crate wasmy 0.5.6 on toolchain 9610dfe5a9a731ced1ea4923ecbd0c57fe367898
[INFO] running `Command { std: CARGO_HOME="/workspace/cargo-home" RUSTUP_HOME="/workspace/rustup-home" "/workspace/cargo-home/bin/cargo" "+9610dfe5a9a731ced1ea4923ecbd0c57fe367898" "metadata" "--manifest-path" "Cargo.toml" "--no-deps", kill_on_drop: false }`
[INFO] removed /workspace/builds/worker-5-tc1/source/.cargo/config.toml
[INFO] started tweaking crates.io crate wasmy 0.5.6
[INFO] removed 0 missing examples
[INFO] finished tweaking crates.io crate wasmy 0.5.6
[INFO] tweaked toml for crates.io crate wasmy 0.5.6 written to /workspace/builds/worker-5-tc1/source/Cargo.toml
[INFO] crate crates.io crate wasmy 0.5.6 already has a lockfile, it will not be regenerated
[INFO] running `Command { std: CARGO_HOME="/workspace/cargo-home" RUSTUP_HOME="/workspace/rustup-home" "/workspace/cargo-home/bin/cargo" "+9610dfe5a9a731ced1ea4923ecbd0c57fe367898" "fetch" "--manifest-path" "Cargo.toml", kill_on_drop: false }`
[INFO] [stderr]     Updating crates.io index
[INFO] [stderr]  Downloading crates ...
[INFO] [stderr]   Downloaded wasmy-vm v0.5.6
[INFO] [stderr]   Downloaded wasmy-macros v0.5.6
[INFO] [stderr]   Downloaded protoc v2.27.1
[INFO] [stderr]   Downloaded wasmy-abi v0.5.6
[INFO] [stderr]   Downloaded protobuf-codegen v2.27.1
[INFO] [stderr]   Downloaded wasmer-engine-universal v2.1.1
[INFO] [stderr]   Downloaded wasmer-derive v2.1.1
[INFO] [stderr]   Downloaded bytecheck_derive v0.6.7
[INFO] [stderr]   Downloaded rend v0.3.6
[INFO] [stderr]   Downloaded enumset_derive v0.5.5
[INFO] [stderr]   Downloaded wasmer-compiler v2.1.1
[INFO] [stderr]   Downloaded inventory v0.2.2
[INFO] [stderr]   Downloaded anyhow v1.0.55
[INFO] [stderr]   Downloaded cranelift-frontend v0.76.0
[INFO] [stderr]   Downloaded enumset v1.0.8
[INFO] [stderr]   Downloaded wasmer-vm v2.1.1
[INFO] [stderr]   Downloaded wasmer-compiler-cranelift v2.1.1
[INFO] [stderr]   Downloaded hashbrown v0.12.0
[INFO] [stderr]   Downloaded wast v39.0.0
[INFO] [stderr]   Downloaded cranelift-codegen-meta v0.76.0
[INFO] [stderr]   Downloaded regalloc v0.0.31
[INFO] [stderr]   Downloaded rkyv v0.7.33
[INFO] [stderr]   Downloaded wasmer v2.1.1
[INFO] [stderr]   Downloaded tracing v0.1.31
[INFO] [stderr]   Downloaded wasmer-types v2.1.1
[INFO] [stderr]   Downloaded cranelift-codegen v0.76.0
[INFO] [stderr]   Downloaded wasmer-wasi v2.1.1
[INFO] [stderr]   Downloaded wasmparser v0.78.2
[INFO] [stderr]   Downloaded wasmer-engine v2.1.1
[INFO] [stderr]   Downloaded wat v1.0.41
[INFO] [stderr]   Downloaded bytecheck v0.6.7
[INFO] [stderr]   Downloaded cranelift-codegen-shared v0.76.0
[INFO] [stderr]   Downloaded protobuf v2.27.1
[INFO] [stderr]   Downloaded protoc-rust v2.27.1
[INFO] [stderr]   Downloaded cranelift-bforest v0.76.0
[INFO] [stderr]   Downloaded cranelift-entity v0.76.0
[INFO] [stderr]   Downloaded wasmer-object v2.1.1
[INFO] [stderr]   Downloaded which v4.2.4
[INFO] [stderr]   Downloaded wasmer-engine-dylib v2.1.1
[INFO] [stderr]   Downloaded wasmer-vfs v2.1.1
[INFO] [stderr]   Downloaded loupe-derive v0.1.3
[INFO] [stderr]   Downloaded ptr_meta_derive v0.1.4
[INFO] [stderr]   Downloaded rkyv_derive v0.7.33
[INFO] [stderr]   Downloaded wasmer-wasi-types v2.1.1
[INFO] [stderr]   Downloaded loupe v0.1.3
[INFO] [stderr]   Downloaded ptr_meta v0.1.4
[INFO] [stderr]   Downloaded more-asserts v0.2.2
[INFO] running `Command { std: "docker" "create" "-v" "/var/lib/crater-agent-workspace/builds/worker-5-tc1/target:/opt/rustwide/target:rw,Z" "-v" "/var/lib/crater-agent-workspace/builds/worker-5-tc1/source:/opt/rustwide/workdir:ro,Z" "-v" "/var/lib/crater-agent-workspace/cargo-home:/opt/rustwide/cargo-home:ro,Z" "-v" "/var/lib/crater-agent-workspace/rustup-home:/opt/rustwide/rustup-home:ro,Z" "-e" "SOURCE_DIR=/opt/rustwide/workdir" "-e" "CARGO_TARGET_DIR=/opt/rustwide/target" "-e" "CARGO_HOME=/opt/rustwide/cargo-home" "-e" "RUSTUP_HOME=/opt/rustwide/rustup-home" "-w" "/opt/rustwide/workdir" "-m" "1610612736" "--user" "0:0" "--network" "none" "ghcr.io/rust-lang/crates-build-env/linux@sha256:19e73879b68f455e41552ea35293514db52ea292d993f571636dbffedb77a1ee" "/opt/rustwide/cargo-home/bin/cargo" "+9610dfe5a9a731ced1ea4923ecbd0c57fe367898" "metadata" "--no-deps" "--format-version=1", kill_on_drop: false }`
[INFO] [stdout] b6feb39a1ed9d15ae8b7b816e0caf1030dc9051d6691814357bab2c35848eb9c
[INFO] running `Command { std: "docker" "start" "-a" "b6feb39a1ed9d15ae8b7b816e0caf1030dc9051d6691814357bab2c35848eb9c", kill_on_drop: false }`
[INFO] running `Command { std: "docker" "inspect" "b6feb39a1ed9d15ae8b7b816e0caf1030dc9051d6691814357bab2c35848eb9c", kill_on_drop: false }`
[INFO] running `Command { std: "docker" "rm" "-f" "b6feb39a1ed9d15ae8b7b816e0caf1030dc9051d6691814357bab2c35848eb9c", kill_on_drop: false }`
[INFO] [stdout] b6feb39a1ed9d15ae8b7b816e0caf1030dc9051d6691814357bab2c35848eb9c
[INFO] running `Command { std: "docker" "create" "-v" "/var/lib/crater-agent-workspace/builds/worker-5-tc1/target:/opt/rustwide/target:rw,Z" "-v" "/var/lib/crater-agent-workspace/builds/worker-5-tc1/source:/opt/rustwide/workdir:ro,Z" "-v" "/var/lib/crater-agent-workspace/cargo-home:/opt/rustwide/cargo-home:ro,Z" "-v" "/var/lib/crater-agent-workspace/rustup-home:/opt/rustwide/rustup-home:ro,Z" "-e" "SOURCE_DIR=/opt/rustwide/workdir" "-e" "CARGO_TARGET_DIR=/opt/rustwide/target" "-e" "CARGO_INCREMENTAL=0" "-e" "RUST_BACKTRACE=full" "-e" "RUSTFLAGS=--cap-lints=forbid" "-e" "RUSTDOCFLAGS=--cap-lints=forbid" "-e" "CARGO_HOME=/opt/rustwide/cargo-home" "-e" "RUSTUP_HOME=/opt/rustwide/rustup-home" "-w" "/opt/rustwide/workdir" "-m" "1610612736" "--user" "0:0" "--network" "none" "ghcr.io/rust-lang/crates-build-env/linux@sha256:19e73879b68f455e41552ea35293514db52ea292d993f571636dbffedb77a1ee" "/opt/rustwide/cargo-home/bin/cargo" "+9610dfe5a9a731ced1ea4923ecbd0c57fe367898" "check" "--frozen" "--all" "--all-targets" "--message-format=json", kill_on_drop: false }`
[INFO] [stdout] d1c8fd90e5eeab9e20cb148b5d2b7dd5e9c02d023b255cb68ce9f2d74cc5b1f2
[INFO] running `Command { std: "docker" "start" "-a" "d1c8fd90e5eeab9e20cb148b5d2b7dd5e9c02d023b255cb68ce9f2d74cc5b1f2", kill_on_drop: false }`
[INFO] [stderr]    Compiling proc-macro2 v1.0.36
[INFO] [stderr]    Compiling unicode-xid v0.2.2
[INFO] [stderr]    Compiling syn v1.0.86
[INFO] [stderr]    Compiling libc v0.2.119
[INFO] [stderr]    Compiling serde_derive v1.0.136
[INFO] [stderr]    Compiling serde v1.0.136
[INFO] [stderr]    Compiling indexmap v1.8.0
[INFO] [stderr]     Checking hashbrown v0.11.2
[INFO] [stderr]    Compiling log v0.4.14
[INFO] [stderr]    Compiling memoffset v0.6.5
[INFO] [stderr]    Compiling memchr v2.4.1
[INFO] [stderr]    Compiling bytecheck v0.6.7
[INFO] [stderr]    Compiling ahash v0.7.6
[INFO] [stderr]     Checking once_cell v1.9.0
[INFO] [stderr]    Compiling rustversion v1.0.6
[INFO] [stderr]    Compiling rend v0.3.6
[INFO] [stderr]    Compiling cc v1.0.73
[INFO] [stderr]    Compiling strsim v0.10.0
[INFO] [stderr]    Compiling fnv v1.0.7
[INFO] [stderr]    Compiling rkyv v0.7.33
[INFO] [stderr]    Compiling ident_case v1.0.1
[INFO] [stderr]    Compiling quote v1.0.15
[INFO] [stderr]     Checking getrandom v0.2.5
[INFO] [stderr]    Compiling miniz_oxide v0.4.4
[INFO] [stderr]    Compiling target-lexicon v0.12.3
[INFO] [stderr]     Checking seahash v4.1.0
[INFO] [stderr]     Checking smallvec v1.8.0
[INFO] [stderr]     Checking hashbrown v0.12.0
[INFO] [stderr]     Checking gimli v0.26.1
[INFO] [stderr]     Checking rustc-demangle v0.1.21
[INFO] [stderr]    Compiling backtrace v0.3.64
[INFO] [stderr]    Compiling wasmer-vm v2.1.1
[INFO] [stderr]    Compiling crossbeam-utils v0.8.7
[INFO] [stderr]     Checking region v3.0.0
[INFO] [stderr]     Checking more-asserts v0.2.2
[INFO] [stderr]    Compiling proc-macro-error-attr v1.0.4
[INFO] [stderr]    Compiling cranelift-entity v0.76.0
[INFO] [stderr]    Compiling crossbeam-epoch v0.9.7
[INFO] [stderr]     Checking wasmparser v0.78.2
[INFO] [stderr]    Compiling cranelift-codegen-shared v0.76.0
[INFO] [stderr]    Compiling proc-macro-error v1.0.4
[INFO] [stderr]    Compiling standback v0.2.17
[INFO] [stderr]    Compiling cranelift-codegen-meta v0.76.0
[INFO] [stderr]    Compiling proc-macro-hack v0.5.19
[INFO] [stderr]     Checking unicode-width v0.1.9
[INFO] [stderr]     Checking pin-project-lite v0.2.8
[INFO] [stderr]    Compiling rayon-core v1.9.1
[INFO] [stderr]     Checking num_cpus v1.13.1
[INFO] [stderr]     Checking tracing-core v0.1.22
[INFO] [stderr]     Checking either v1.6.1
[INFO] [stderr]    Compiling protobuf v2.27.1
[INFO] [stderr]     Checking rustc-hash v1.1.0
[INFO] [stderr]     Checking regalloc v0.0.31
[INFO] [stderr]     Checking addr2line v0.17.0
[INFO] [stderr]     Checking cranelift-bforest v0.76.0
[INFO] [stderr]     Checking crossbeam-deque v0.8.1
[INFO] [stderr]     Checking crossbeam-channel v0.5.2
[INFO] [stderr]     Checking memmap2 v0.5.3
[INFO] [stderr]    Compiling rayon v1.5.1
[INFO] [stderr]    Compiling const_fn v0.4.9
[INFO] [stderr]    Compiling which v4.2.4
[INFO] [stderr]    Compiling time v0.2.27
[INFO] [stderr]    Compiling remove_dir_all v0.5.3
[INFO] [stderr]    Compiling wasmer-compiler-cranelift v2.1.1
[INFO] [stderr]    Compiling fastrand v1.7.0
[INFO] [stderr]    Compiling darling_core v0.13.1
[INFO] [stderr]     Checking tempfile v3.3.0
[INFO] [stderr]    Compiling protoc v2.27.1
[INFO] [stderr]     Checking wast v39.0.0
[INFO] [stderr]     Checking libloading v0.7.3
[INFO] [stderr]    Compiling anyhow v1.0.55
[INFO] [stderr]     Checking generational-arena v0.2.8
[INFO] [stderr]     Checking bytes v1.1.0
[INFO] [stderr]    Compiling unicode-segmentation v1.9.0
[INFO] [stderr]     Checking textwrap v0.11.0
[INFO] [stderr]     Checking atty v0.2.14
[INFO] [stderr]     Checking vec_map v0.8.2
[INFO] [stderr]    Compiling protobuf-codegen v2.27.1
[INFO] [stderr]    Compiling heck v0.3.3
[INFO] [stderr]     Checking ansi_term v0.12.1
[INFO] [stderr]     Checking strsim v0.8.0
[INFO] [stderr]     Checking clap v2.34.0
[INFO] [stderr]    Compiling protoc-rust v2.27.1
[INFO] [stderr]     Checking wasmy v0.5.6 (/opt/rustwide/workdir)
[INFO] [stderr]    Compiling ptr_meta_derive v0.1.4
[INFO] [stderr]    Compiling bytecheck_derive v0.6.7
[INFO] [stderr]    Compiling thiserror-impl v1.0.30
[INFO] [stderr]    Compiling loupe-derive v0.1.3
[INFO] [stderr]     Checking ptr_meta v0.1.4
[INFO] [stderr]    Compiling rkyv_derive v0.7.33
[INFO] [stderr]    Compiling darling_macro v0.13.1
[INFO] [stderr]    Compiling cranelift-codegen v0.76.0
[INFO] [stderr]    Compiling tracing-attributes v0.1.19
[INFO] [stderr]    Compiling darling v0.13.1
[INFO] [stderr]     Checking thiserror v1.0.30
[INFO] [stderr]    Compiling enumset_derive v0.5.5
[INFO] [stderr]    Compiling time-macros-impl v0.1.2
[INFO] [stderr]     Checking wat v1.0.41
[INFO] [stderr]    Compiling wasmer-derive v2.1.1
[INFO] [stderr]     Checking time-macros v0.1.1
[INFO] [stderr]    Compiling wasmy-abi v0.5.6
[INFO] [stderr]     Checking enumset v1.0.8
[INFO] [stderr]    Compiling ctor v0.1.21
[INFO] [stderr]    Compiling wasmy-macros v0.5.6
[INFO] [stderr]     Checking tracing v0.1.31
[INFO] [stderr]    Compiling ghost v0.1.2
[INFO] [stderr]    Compiling structopt-derive v0.4.18
[INFO] [stderr]     Checking wasmer-vfs v2.1.1
[INFO] [stderr]    Compiling tokio-macros v1.7.0
[INFO] [stderr]     Checking inventory v0.2.2
[INFO] [stderr]     Checking tokio v1.17.0
[INFO] [stderr]     Checking structopt v0.3.26
[INFO] [stderr]     Checking serde_bytes v0.11.5
[INFO] [stderr]     Checking loupe v0.1.3
[INFO] [stderr]     Checking object v0.27.1
[INFO] [stderr]     Checking gimli v0.25.0
[INFO] [stderr]     Checking wasmer-types v2.1.1
[INFO] [stderr]     Checking wasmer-wasi-types v2.1.1
[INFO] [stderr]     Checking wasmer-compiler v2.1.1
[INFO] [stderr]     Checking wasmer-engine v2.1.1
[INFO] [stderr]     Checking wasmer-object v2.1.1
[INFO] [stderr]     Checking wasmer-engine-universal v2.1.1
[INFO] [stderr]     Checking wasmer-engine-dylib v2.1.1
[INFO] [stderr]     Checking cranelift-frontend v0.76.0
[INFO] [stderr]     Checking wasmer v2.1.1
[INFO] [stderr]     Checking wasmer-wasi v2.1.1
[INFO] [stderr]     Checking wasmy-vm v0.5.6
[INFO] [stdout] error[E0433]: failed to resolve: use of undeclared crate or module `wasmy_abi`
[INFO] [stdout]  --> examples/wasm/detailed.rs:6:5
[INFO] [stdout]   |
[INFO] [stdout] 6 | use wasmy_abi::{test::*, *};
[INFO] [stdout]   |     ^^^^^^^^^ use of undeclared crate or module `wasmy_abi`
[INFO] [stdout]   |
[INFO] [stdout] help: there is a crate or module with a similar name
[INFO] [stdout]   |
[INFO] [stdout] 6 | use wasmy_vm::{test::*, *};
[INFO] [stdout]   |     ~~~~~~~~
[INFO] [stdout] 
[INFO] [stdout] 
[INFO] [stdout] error[E0432]: unresolved imports `rand`, `wasmy_abi::test::*`
[INFO] [stdout]  --> examples/wasm/detailed.rs:5:5
[INFO] [stdout]   |
[INFO] [stdout] 5 | use rand::random;
[INFO] [stdout]   |     ^^^^ use of undeclared crate or module `rand`
[INFO] [stdout] 6 | use wasmy_abi::{test::*, *};
[INFO] [stdout]   |                 ^^^^^^^
[INFO] [stdout] 
[INFO] [stdout] 
[INFO] [stdout] error[E0432]: unresolved import `wasmy_abi`
[INFO] [stdout]  --> examples/wasm/detailed.rs:6:5
[INFO] [stdout]   |
[INFO] [stdout] 6 | use wasmy_abi::{test::*, *};
[INFO] [stdout]   |     ^^^^^^^^^ use of undeclared crate or module `wasmy_abi`
[INFO] [stdout]   |
[INFO] [stdout] help: there is a crate or module with a similar name
[INFO] [stdout]   |
[INFO] [stdout] 6 | use wasmy_vm::{test::*, *};
[INFO] [stdout]   |     ~~~~~~~~
[INFO] [stdout] 
[INFO] [stdout] 
[INFO] [stdout] fn add(ctx : Option < & TestCtxValue >, args : TestArgs) -> Result < TestRets
[INFO] [stdout] >
[INFO] [stdout] {
[INFO] [stdout]     println! ("[VM] add handler, ctx={:?}", ctx) ; let mut rets = TestRets ::
[INFO] [stdout]     new() ; rets.set_c(args.a + args.b) ; Ok(rets)
[INFO] [stdout] } #[allow(redundant_semicolons)] fn
[INFO] [stdout] _wasmy_vm_handle_0(ctx_ptr : usize, args : & :: wasmy_vm :: Any) -> ::
[INFO] [stdout] wasmy_vm :: Result < :: wasmy_vm :: Any >
[INFO] [stdout] {
[INFO] [stdout]     add(unsafe { :: wasmy_vm :: VmHandlerApi :: try_as(ctx_ptr) }, :: wasmy_vm
[INFO] [stdout]     :: VmHandlerApi :: unpack_any(args)
[INFO] [stdout]     ?).and_then(| res | :: wasmy_vm :: VmHandlerApi :: pack_any(res))
[INFO] [stdout] } :: wasmy_vm :: submit_handler!
[INFO] [stdout] { :: wasmy_vm :: VmHandlerApi :: new(0i32, _wasmy_vm_handle_0) }
[INFO] [stdout] error[E0433]: failed to resolve: use of undeclared crate or module `wasmy_abi`
[INFO] [stdout]  --> examples/wasm/simple.rs:2:5
[INFO] [stdout]   |
[INFO] [stdout] 2 | use wasmy_abi::{test::*, *};
[INFO] [stdout]   |     ^^^^^^^^^ use of undeclared crate or module `wasmy_abi`
[INFO] [stdout]   |
[INFO] [stdout] help: there is a crate or module with a similar name
[INFO] [stdout]   |
[INFO] [stdout] 2 | use wasmy_vm::{test::*, *};
[INFO] [stdout]   |     ~~~~~~~~
[INFO] [stdout] 
[INFO] [stdout] 
[INFO] [stdout] error[E0432]: unresolved imports `rand`, `wasmy_abi::test::*`
[INFO] [stdout]  --> examples/wasm/simple.rs:1:5
[INFO] [stdout]   |
[INFO] [stdout] 1 | use rand::random;
[INFO] [stdout]   |     ^^^^ use of undeclared crate or module `rand`
[INFO] [stdout] 2 | use wasmy_abi::{test::*, *};
[INFO] [stdout]   |                 ^^^^^^^
[INFO] [stdout] 
[INFO] [stdout] 
[INFO] [stdout] error[E0433]: failed to resolve: use of undeclared crate or module `wasmy_abi`
[INFO] [stdout]  --> examples/wasm/custom.rs:4:5
[INFO] [stdout]   |
[INFO] [stdout] 4 | use wasmy_abi::{test::*, *};
[INFO] [stdout]   |     ^^^^^^^^^ use of undeclared crate or module `wasmy_abi`
[INFO] [stdout]   |
[INFO] [stdout] help: there is a crate or module with a similar name
[INFO] [stdout]   |
[INFO] [stdout] 4 | use wasmy_vm::{test::*, *};
[INFO] [stdout]   |     ~~~~~~~~
[INFO] [stdout] 
[INFO] [stdout] 
[INFO] [stdout] error[E0432]: unresolved import `wasmy_abi`
[INFO] [stdout]  --> examples/wasm/simple.rs:2:5
[INFO] [stdout]   |
[INFO] [stdout] 2 | use wasmy_abi::{test::*, *};
[INFO] [stdout]   |     ^^^^^^^^^ use of undeclared crate or module `wasmy_abi`
[INFO] [stdout]   |
[INFO] [stdout] help: there is a crate or module with a similar name
[INFO] [stdout]   |
[INFO] [stdout] 2 | use wasmy_vm::{test::*, *};
[INFO] [stdout]   |     ~~~~~~~~
[INFO] [stdout] 
[INFO] [stdout] 
[INFO] [stdout] error[E0432]: unresolved imports `rand`, `wasmy_abi::test::*`
[INFO] [stdout]  --> examples/wasm/custom.rs:3:5
[INFO] [stdout]   |
[INFO] [stdout] 3 | use rand::random;
[INFO] [stdout]   |     ^^^^ use of undeclared crate or module `rand`
[INFO] [stdout] 4 | use wasmy_abi::{test::*, *};
[INFO] [stdout]   |                 ^^^^^^^
[INFO] [stdout] 
[INFO] [stdout] 
[INFO] [stdout] error[E0433]: failed to resolve: use of undeclared crate or module `wasmy_abi`
[INFO] [stdout]  --> examples/wasm/context.rs:2:5
[INFO] [stdout]   |
[INFO] [stdout] 2 | use wasmy_abi::{test::*, *};
[INFO] [stdout]   |     ^^^^^^^^^ use of undeclared crate or module `wasmy_abi`
[INFO] [stdout]   |
[INFO] [stdout] help: there is a crate or module with a similar name
[INFO] [stdout]   |
[INFO] [stdout] 2 | use wasmy_vm::{test::*, *};
[INFO] [stdout]   |     ~~~~~~~~
[INFO] [stdout] 
[INFO] [stdout] 
[INFO] [stdout] error[E0432]: unresolved import `wasmy_abi`
[INFO] [stdout]  --> examples/wasm/custom.rs:4:5
[INFO] [stdout]   |
[INFO] [stdout] 4 | use wasmy_abi::{test::*, *};
[INFO] [stdout]   |     ^^^^^^^^^ use of undeclared crate or module `wasmy_abi`
[INFO] [stdout]   |
[INFO] [stdout] help: there is a crate or module with a similar name
[INFO] [stdout]   |
[INFO] [stdout] 4 | use wasmy_vm::{test::*, *};
[INFO] [stdout]   |     ~~~~~~~~
[INFO] [stdout] 
[INFO] [stdout] 
[INFO] [stdout] error[E0432]: unresolved imports `rand`, `wasmy_abi::test::*`
[INFO] [stdout]  --> examples/wasm/context.rs:1:5
[INFO] [stdout]   |
[INFO] [stdout] 1 | use rand::random;
[INFO] [stdout]   |     ^^^^ use of undeclared crate or module `rand`
[INFO] [stdout] 2 | use wasmy_abi::{test::*, *};
[INFO] [stdout]   |                 ^^^^^^^
[INFO] [stdout] 
[INFO] [stdout] 
[INFO] [stdout] error[E0432]: unresolved import `wasmy_abi`
[INFO] [stdout]  --> examples/wasm/context.rs:2:5
[INFO] [stdout]   |
[INFO] [stdout] 2 | use wasmy_abi::{test::*, *};
[INFO] [stdout]   |     ^^^^^^^^^ use of undeclared crate or module `wasmy_abi`
[INFO] [stdout]   |
[INFO] [stdout] help: there is a crate or module with a similar name
[INFO] [stdout]   |
[INFO] [stdout] 2 | use wasmy_vm::{test::*, *};
[INFO] [stdout]   |     ~~~~~~~~
[INFO] [stdout] 
[INFO] [stdout] 
[INFO] [stdout] fn add(args : TestArgs) -> Result < TestRets >
[INFO] [stdout] { let mut rets = TestRets :: new() ; rets.set_c(args.a + args.b) ; Ok(rets) }
[INFO] [stdout] #[allow(redundant_semicolons)] fn
[INFO] [stdout] _wasmy_vm_handle_0(_ctx_ptr : usize, args : & :: wasmy_vm :: Any) -> ::
[INFO] [stdout] wasmy_vm :: Result < :: wasmy_vm :: Any >
[INFO] [stdout] {
[INFO] [stdout]     add(:: wasmy_vm :: VmHandlerApi :: unpack_any(args)
[INFO] [stdout]     ?).and_then(| res | :: wasmy_vm :: VmHandlerApi :: pack_any(res))
[INFO] [stdout] } :: wasmy_vm :: submit_handler!
[INFO] [stdout] { :: wasmy_vm :: VmHandlerApi :: new(0i32, _wasmy_vm_handle_0) }
[INFO] [stdout] fn add(ctx : Option < & TestCtxValue >, args : TestArgs) -> Result < TestRets
[INFO] [stdout] >
[INFO] [stdout] {
[INFO] [stdout]     println! ("[VM] add handler, ctx={:?}", ctx) ; let mut rets = TestRets ::
[INFO] [stdout]     new() ; rets.set_c(args.a + args.b) ; Ok(rets)
[INFO] [stdout] } #[allow(redundant_semicolons)] fn
[INFO] [stdout] _wasmy_vm_handle_0(ctx_ptr : usize, args : & :: wasmy_vm :: Any) -> ::
[INFO] [stdout] wasmy_vm :: Result < :: wasmy_vm :: Any >
[INFO] [stdout] {
[INFO] [stdout]     add(unsafe { :: wasmy_vm :: VmHandlerApi :: try_as(ctx_ptr) }, :: wasmy_vm
[INFO] [stdout]     :: VmHandlerApi :: unpack_any(args)
[INFO] [stdout]     ?).and_then(| res | :: wasmy_vm :: VmHandlerApi :: pack_any(res))
[INFO] [stdout] } :: wasmy_vm :: submit_handler!
[INFO] [stdout] { :: wasmy_vm :: VmHandlerApi :: new(0i32, _wasmy_vm_handle_0) }
[INFO] [stdout] error: cannot find attribute `wasm_handle` in this scope
[INFO] [stdout]   --> examples/wasm/detailed.rs:19:3
[INFO] [stdout]    |
[INFO] [stdout] 19 | #[wasm_handle(method = 0)]
[INFO] [stdout]    |   ^^^^^^^^^^^
[INFO] [stdout]    |
[INFO] [stdout]    = help: consider importing this attribute macro:
[INFO] [stdout]            wasmy_vm::wasm_handle
[INFO] [stdout] 
[INFO] [stdout] 
[INFO] [stdout] error: cannot find attribute `wasm_onload` in this scope
[INFO] [stdout]   --> examples/wasm/detailed.rs:11:3
[INFO] [stdout]    |
[INFO] [stdout] 11 | #[wasm_onload]
[INFO] [stdout]    |   ^^^^^^^^^^^
[INFO] [stdout]    |
[INFO] [stdout]    = help: consider importing this attribute macro:
[INFO] [stdout]            wasmy_vm::wasm_onload
[INFO] [stdout] 
[INFO] [stdout] 
[INFO] [stdout] error: cannot find attribute `wasm_handle` in this scope
[INFO] [stdout]   --> examples/wasm/context.rs:25:3
[INFO] [stdout]    |
[INFO] [stdout] 25 | #[wasm_handle(method = 0)]
[INFO] [stdout]    |   ^^^^^^^^^^^
[INFO] [stdout]    |
[INFO] [stdout]    = help: consider importing this attribute macro:
[INFO] [stdout]            wasmy_vm::wasm_handle
[INFO] [stdout] 
[INFO] [stdout] 
[INFO] [stdout] error: cannot find attribute `wasm_handle` in this scope
[INFO] [stdout]  --> examples/wasm/simple.rs:4:3
[INFO] [stdout]   |
[INFO] [stdout] 4 | #[wasm_handle(0)]
[INFO] [stdout]   |   ^^^^^^^^^^^
[INFO] [stdout]   |
[INFO] [stdout]   = help: consider importing this attribute macro:
[INFO] [stdout]           wasmy_vm::wasm_handle
[INFO] [stdout] 
[INFO] [stdout] 
[INFO] [stdout] error: cannot find attribute `wasm_handle` in this scope
[INFO] [stdout]   --> examples/wasm/custom.rs:11:3
[INFO] [stdout]    |
[INFO] [stdout] 11 | #[wasm_handle(0)]
[INFO] [stdout]    |   ^^^^^^^^^^^
[INFO] [stdout]    |
[INFO] [stdout]    = help: consider importing this attribute macro:
[INFO] [stdout]            wasmy_vm::wasm_handle
[INFO] [stdout] 
[INFO] [stdout] 
[INFO] [stdout] error[E0412]: cannot find type `WasmCtx` in this scope
[INFO] [stdout]   --> examples/wasm/detailed.rs:20:18
[INFO] [stdout]    |
[INFO] [stdout] 20 | fn multiply(ctx: WasmCtx<TestCtxValue>, args: TestArgs) -> Result<TestRets> {
[INFO] [stdout]    |                  ^^^^^^^ not found in this scope
[INFO] [stdout]    |
[INFO] [stdout] help: consider importing this struct
[INFO] [stdout]    |
[INFO] [stdout] 3  + use wasmy_vm::WasmCtx;
[INFO] [stdout]    |
[INFO] [stdout] 
[INFO] [stdout] 
[INFO] [stdout] error[E0412]: cannot find type `TestCtxValue` in this scope
[INFO] [stdout]   --> examples/wasm/detailed.rs:20:26
[INFO] [stdout]    |
[INFO] [stdout] 20 | fn multiply(ctx: WasmCtx<TestCtxValue>, args: TestArgs) -> Result<TestRets> {
[INFO] [stdout]    |                          ^^^^^^^^^^^^ not found in this scope
[INFO] [stdout]    |
[INFO] [stdout] help: consider importing this struct
[INFO] [stdout]    |
[INFO] [stdout] 3  + use wasmy_vm::test::TestCtxValue;
[INFO] [stdout]    |
[INFO] [stdout] 
[INFO] [stdout] 
[INFO] [stdout] error[E0412]: cannot find type `TestArgs` in this scope
[INFO] [stdout]   --> examples/wasm/detailed.rs:20:47
[INFO] [stdout]    |
[INFO] [stdout] 20 | fn multiply(ctx: WasmCtx<TestCtxValue>, args: TestArgs) -> Result<TestRets> {
[INFO] [stdout]    |                                               ^^^^^^^^ not found in this scope
[INFO] [stdout]    |
[INFO] [stdout] help: consider importing this struct
[INFO] [stdout]    |
[INFO] [stdout] 3  + use wasmy_vm::test::TestArgs;
[INFO] [stdout]    |
[INFO] [stdout] 
[INFO] [stdout] 
[INFO] [stdout] error[E0412]: cannot find type `TestRets` in this scope
[INFO] [stdout]   --> examples/wasm/detailed.rs:20:67
[INFO] [stdout]    |
[INFO] [stdout] 20 | fn multiply(ctx: WasmCtx<TestCtxValue>, args: TestArgs) -> Result<TestRets> {
[INFO] [stdout]    |                                                                   ^^^^^^^^ not found in this scope
[INFO] [stdout]    |
[INFO] [stdout] help: consider importing this struct
[INFO] [stdout]    |
[INFO] [stdout] 3  + use wasmy_vm::test::TestRets;
[INFO] [stdout]    |
[INFO] [stdout] 
[INFO] [stdout] 
[INFO] [stdout] error[E0433]: failed to resolve: use of undeclared type `TestArgs`
[INFO] [stdout]   --> examples/wasm/detailed.rs:45:23
[INFO] [stdout]    |
[INFO] [stdout] 45 |     let mut vm_args = TestArgs::new();
[INFO] [stdout]    |                       ^^^^^^^^ use of undeclared type `TestArgs`
[INFO] [stdout]    |
[INFO] [stdout] help: consider importing this struct
[INFO] [stdout]    |
[INFO] [stdout] 3  + use wasmy_vm::test::TestArgs;
[INFO] [stdout]    |
[INFO] [stdout] 
[INFO] [stdout] 
[INFO] [stdout] error[E0412]: cannot find type `WasmCtx` in this scope
[INFO] [stdout]  --> examples/wasm/simple.rs:5:18
[INFO] [stdout]   |
[INFO] [stdout] 5 | fn multiply(ctx: WasmCtx, args: TestArgs) -> Result<TestRets> {
[INFO] [stdout]   |                  ^^^^^^^ not found in this scope
[INFO] [stdout]   |
[INFO] [stdout] help: consider importing this struct
[INFO] [stdout]   |
[INFO] [stdout] 1 + use wasmy_vm::WasmCtx;
[INFO] [stdout]   |
[INFO] [stdout] 
[INFO] [stdout] 
[INFO] [stdout] error[E0412]: cannot find type `TestRets` in this scope
[INFO] [stdout]   --> examples/wasm/detailed.rs:48:18
[INFO] [stdout]    |
[INFO] [stdout] 48 |     let vm_rets: TestRets = ctx.call_vm(0, vm_args)?;
[INFO] [stdout]    |                  ^^^^^^^^ not found in this scope
[INFO] [stdout]    |
[INFO] [stdout] help: consider importing this struct
[INFO] [stdout]    |
[INFO] [stdout] 3  + use wasmy_vm::test::TestRets;
[INFO] [stdout]    |
[INFO] [stdout] 
[INFO] [stdout] 
[INFO] [stdout] error[E0412]: cannot find type `TestArgs` in this scope
[INFO] [stdout]  --> examples/wasm/simple.rs:5:33
[INFO] [stdout]   |
[INFO] [stdout] 5 | fn multiply(ctx: WasmCtx, args: TestArgs) -> Result<TestRets> {
[INFO] [stdout]   |                                 ^^^^^^^^ not found in this scope
[INFO] [stdout]   |
[INFO] [stdout] help: consider importing this struct
[INFO] [stdout]   |
[INFO] [stdout] 1 + use wasmy_vm::test::TestArgs;
[INFO] [stdout]   |
[INFO] [stdout] 
[INFO] [stdout] 
[INFO] [stdout] error[E0433]: failed to resolve: use of undeclared type `TestRets`
[INFO] [stdout]   --> examples/wasm/detailed.rs:57:20
[INFO] [stdout]    |
[INFO] [stdout] 57 |     let mut rets = TestRets::new();
[INFO] [stdout]    |                    ^^^^^^^^ use of undeclared type `TestRets`
[INFO] [stdout]    |
[INFO] [stdout] help: consider importing this struct
[INFO] [stdout]    |
[INFO] [stdout] 3  + use wasmy_vm::test::TestRets;
[INFO] [stdout]    |
[INFO] [stdout] 
[INFO] [stdout] 
[INFO] [stdout] error[E0412]: cannot find type `TestRets` in this scope
[INFO] [stdout]  --> examples/wasm/simple.rs:5:53
[INFO] [stdout]   |
[INFO] [stdout] 5 | fn multiply(ctx: WasmCtx, args: TestArgs) -> Result<TestRets> {
[INFO] [stdout]   |                                                     ^^^^^^^^ not found in this scope
[INFO] [stdout]   |
[INFO] [stdout] help: consider importing this struct
[INFO] [stdout]   |
[INFO] [stdout] 1 + use wasmy_vm::test::TestRets;
[INFO] [stdout]   |
[INFO] [stdout] 
[INFO] [stdout] 
[INFO] [stdout] error[E0433]: failed to resolve: use of undeclared type `TestArgs`
[INFO] [stdout]  --> examples/wasm/simple.rs:9:23
[INFO] [stdout]   |
[INFO] [stdout] 9 |     let mut vm_args = TestArgs::new();
[INFO] [stdout]   |                       ^^^^^^^^ use of undeclared type `TestArgs`
[INFO] [stdout]   |
[INFO] [stdout] help: consider importing this struct
[INFO] [stdout]   |
[INFO] [stdout] 1 + use wasmy_vm::test::TestArgs;
[INFO] [stdout]   |
[INFO] [stdout] 
[INFO] [stdout] 
[INFO] [stdout] error[E0412]: cannot find type `TestRets` in this scope
[INFO] [stdout]   --> examples/wasm/simple.rs:12:18
[INFO] [stdout]    |
[INFO] [stdout] 12 |     let vm_rets: TestRets = ctx.call_vm(0, vm_args)?;
[INFO] [stdout]    |                  ^^^^^^^^ not found in this scope
[INFO] [stdout]    |
[INFO] [stdout] help: consider importing this struct
[INFO] [stdout]    |
[INFO] [stdout] 1  + use wasmy_vm::test::TestRets;
[INFO] [stdout]    |
[INFO] [stdout] 
[INFO] [stdout] 
[INFO] [stdout] error[E0412]: cannot find type `WasmCtx` in this scope
[INFO] [stdout]   --> examples/wasm/custom.rs:12:18
[INFO] [stdout]    |
[INFO] [stdout] 12 | fn multiply(ctx: WasmCtx, args: TestArgs) -> Result<TestRets> {
[INFO] [stdout]    |                  ^^^^^^^ not found in this scope
[INFO] [stdout]    |
[INFO] [stdout] help: consider importing this struct
[INFO] [stdout]    |
[INFO] [stdout] 1  + use wasmy_vm::WasmCtx;
[INFO] [stdout]    |
[INFO] [stdout] 
[INFO] [stdout] 
[INFO] [stdout] error[E0433]: failed to resolve: use of undeclared type `TestRets`
[INFO] [stdout]   --> examples/wasm/simple.rs:21:20
[INFO] [stdout]    |
[INFO] [stdout] 21 |     let mut rets = TestRets::new();
[INFO] [stdout]    |                    ^^^^^^^^ use of undeclared type `TestRets`
[INFO] [stdout]    |
[INFO] [stdout] help: consider importing this struct
[INFO] [stdout]    |
[INFO] [stdout] 1  + use wasmy_vm::test::TestRets;
[INFO] [stdout]    |
[INFO] [stdout] 
[INFO] [stdout] 
[INFO] [stdout] error[E0412]: cannot find type `TestArgs` in this scope
[INFO] [stdout]   --> examples/wasm/custom.rs:12:33
[INFO] [stdout]    |
[INFO] [stdout] 12 | fn multiply(ctx: WasmCtx, args: TestArgs) -> Result<TestRets> {
[INFO] [stdout]    |                                 ^^^^^^^^ not found in this scope
[INFO] [stdout]    |
[INFO] [stdout] help: consider importing this struct
[INFO] [stdout]    |
[INFO] [stdout] 1  + use wasmy_vm::test::TestArgs;
[INFO] [stdout]    |
[INFO] [stdout] 
[INFO] [stdout] 
[INFO] [stdout] error[E0412]: cannot find type `TestRets` in this scope
[INFO] [stdout]   --> examples/wasm/custom.rs:12:53
[INFO] [stdout]    |
[INFO] [stdout] 12 | fn multiply(ctx: WasmCtx, args: TestArgs) -> Result<TestRets> {
[INFO] [stdout]    |                                                     ^^^^^^^^ not found in this scope
[INFO] [stdout]    |
[INFO] [stdout] help: consider importing this struct
[INFO] [stdout]    |
[INFO] [stdout] 1  + use wasmy_vm::test::TestRets;
[INFO] [stdout]    |
[INFO] [stdout] 
[INFO] [stdout] 
[INFO] [stdout] error[E0433]: failed to resolve: use of undeclared type `TestArgs`
[INFO] [stdout]   --> examples/wasm/custom.rs:20:23
[INFO] [stdout]    |
[INFO] [stdout] 20 |     let mut vm_args = TestArgs::new();
[INFO] [stdout]    |                       ^^^^^^^^ use of undeclared type `TestArgs`
[INFO] [stdout]    |
[INFO] [stdout] help: consider importing this struct
[INFO] [stdout]    |
[INFO] [stdout] 1  + use wasmy_vm::test::TestArgs;
[INFO] [stdout]    |
[INFO] [stdout] 
[INFO] [stdout] 
[INFO] [stdout] error[E0412]: cannot find type `TestRets` in this scope
[INFO] [stdout]   --> examples/wasm/custom.rs:23:18
[INFO] [stdout]    |
[INFO] [stdout] 23 |     let vm_rets: TestRets = ctx.call_vm(0, vm_args)?;
[INFO] [stdout]    |                  ^^^^^^^^ not found in this scope
[INFO] [stdout]    |
[INFO] [stdout] help: consider importing this struct
[INFO] [stdout]    |
[INFO] [stdout] 1  + use wasmy_vm::test::TestRets;
[INFO] [stdout]    |
[INFO] [stdout] 
[INFO] [stdout] 
[INFO] [stdout] error[E0405]: cannot find trait `WasmContext` in this scope
[INFO] [stdout]  --> examples/wasm/context.rs:9:6
[INFO] [stdout]   |
[INFO] [stdout] 9 | impl WasmContext<TestCtxValue> for MyContext {
[INFO] [stdout]   |      ^^^^^^^^^^^ not found in this scope
[INFO] [stdout]   |
[INFO] [stdout] help: consider importing this trait
[INFO] [stdout]   |
[INFO] [stdout] 1 + use wasmy_vm::WasmContext;
[INFO] [stdout]   |
[INFO] [stdout] 
[INFO] [stdout] 
[INFO] [stdout] error[E0433]: failed to resolve: use of undeclared type `TestRets`
[INFO] [stdout]   --> examples/wasm/custom.rs:32:20
[INFO] [stdout]    |
[INFO] [stdout] 32 |     let mut rets = TestRets::new();
[INFO] [stdout]    |                    ^^^^^^^^ use of undeclared type `TestRets`
[INFO] [stdout]    |
[INFO] [stdout] help: consider importing this struct
[INFO] [stdout]    |
[INFO] [stdout] 1  + use wasmy_vm::test::TestRets;
[INFO] [stdout]    |
[INFO] [stdout] 
[INFO] [stdout] 
[INFO] [stdout] error[E0412]: cannot find type `TestCtxValue` in this scope
[INFO] [stdout]  --> examples/wasm/context.rs:9:18
[INFO] [stdout]   |
[INFO] [stdout] 9 | impl WasmContext<TestCtxValue> for MyContext {
[INFO] [stdout]   |                  ^^^^^^^^^^^^ not found in this scope
[INFO] [stdout]   |
[INFO] [stdout] help: consider importing this struct
[INFO] [stdout]   |
[INFO] [stdout] 1 + use wasmy_vm::test::TestCtxValue;
[INFO] [stdout]   |
[INFO] [stdout] 
[INFO] [stdout] 
[INFO] [stdout] error[E0412]: cannot find type `TestArgs` in this scope
[INFO] [stdout]   --> examples/wasm/context.rs:20:35
[INFO] [stdout]    |
[INFO] [stdout] 20 |     pub fn vm_add(&self, vm_args: TestArgs) -> Result<TestRets> {
[INFO] [stdout]    |                                   ^^^^^^^^ not found in this scope
[INFO] [stdout]    |
[INFO] [stdout] help: consider importing this struct
[INFO] [stdout]    |
[INFO] [stdout] 1  + use wasmy_vm::test::TestArgs;
[INFO] [stdout]    |
[INFO] [stdout] 
[INFO] [stdout] 
[INFO] [stdout] error[E0412]: cannot find type `TestRets` in this scope
[INFO] [stdout]   --> examples/wasm/context.rs:20:55
[INFO] [stdout]    |
[INFO] [stdout] 20 |     pub fn vm_add(&self, vm_args: TestArgs) -> Result<TestRets> {
[INFO] [stdout]    |                                                       ^^^^^^^^ not found in this scope
[INFO] [stdout]    |
[INFO] [stdout] help: consider importing this struct
[INFO] [stdout]    |
[INFO] [stdout] 1  + use wasmy_vm::test::TestRets;
[INFO] [stdout]    |
[INFO] [stdout] 
[INFO] [stdout] 
[INFO] [stdout] error[E0412]: cannot find type `TestArgs` in this scope
[INFO] [stdout]   --> examples/wasm/context.rs:26:35
[INFO] [stdout]    |
[INFO] [stdout] 26 | fn multiply(ctx: MyContext, args: TestArgs) -> Result<TestRets> {
[INFO] [stdout]    |                                   ^^^^^^^^ not found in this scope
[INFO] [stdout]    |
[INFO] [stdout] help: consider importing this struct
[INFO] [stdout]    |
[INFO] [stdout] 1  + use wasmy_vm::test::TestArgs;
[INFO] [stdout]    |
[INFO] [stdout] 
[INFO] [stdout] 
[INFO] [stdout] error[E0412]: cannot find type `TestRets` in this scope
[INFO] [stdout]   --> examples/wasm/context.rs:26:55
[INFO] [stdout]    |
[INFO] [stdout] 26 | fn multiply(ctx: MyContext, args: TestArgs) -> Result<TestRets> {
[INFO] [stdout]    |                                                       ^^^^^^^^ not found in this scope
[INFO] [stdout]    |
[INFO] [stdout] help: consider importing this struct
[INFO] [stdout]    |
[INFO] [stdout] 1  + use wasmy_vm::test::TestRets;
[INFO] [stdout]    |
[INFO] [stdout] 
[INFO] [stdout] 
[INFO] [stdout] error[E0433]: failed to resolve: use of undeclared type `TestArgs`
[INFO] [stdout]   --> examples/wasm/context.rs:41:23
[INFO] [stdout]    |
[INFO] [stdout] 41 |     let mut vm_args = TestArgs::new();
[INFO] [stdout]    |                       ^^^^^^^^ use of undeclared type `TestArgs`
[INFO] [stdout]    |
[INFO] [stdout] help: consider importing this struct
[INFO] [stdout]    |
[INFO] [stdout] 1  + use wasmy_vm::test::TestArgs;
[INFO] [stdout]    |
[INFO] [stdout] 
[INFO] [stdout] 
[INFO] [stdout] error[E0412]: cannot find type `TestRets` in this scope
[INFO] [stdout]   --> examples/wasm/context.rs:44:18
[INFO] [stdout]    |
[INFO] [stdout] 44 |     let vm_rets: TestRets = ctx.vm_add(vm_args)?;
[INFO] [stdout]    |                  ^^^^^^^^ not found in this scope
[INFO] [stdout]    |
[INFO] [stdout] help: consider importing this struct
[INFO] [stdout]    |
[INFO] [stdout] 1  + use wasmy_vm::test::TestRets;
[INFO] [stdout]    |
[INFO] [stdout] 
[INFO] [stdout] 
[INFO] [stdout] error[E0433]: failed to resolve: use of undeclared type `TestRets`
[INFO] [stdout]   --> examples/wasm/context.rs:53:20
[INFO] [stdout]    |
[INFO] [stdout] 53 |     let mut rets = TestRets::new();
[INFO] [stdout]    |                    ^^^^^^^^ use of undeclared type `TestRets`
[INFO] [stdout]    |
[INFO] [stdout] help: consider importing this struct
[INFO] [stdout]    |
[INFO] [stdout] 1  + use wasmy_vm::test::TestRets;
[INFO] [stdout]    |
[INFO] [stdout] 
[INFO] [stdout] 
[INFO] [stdout] error[E0107]: enum takes 2 generic arguments but 1 generic argument was supplied
[INFO] [stdout]   --> examples/wasm/custom.rs:12:46
[INFO] [stdout]    |
[INFO] [stdout] 12 | fn multiply(ctx: WasmCtx, args: TestArgs) -> Result<TestRets> {
[INFO] [stdout]    |                                              ^^^^^^ -------- supplied 1 generic argument
[INFO] [stdout]    |                                              |
[INFO] [stdout]    |                                              expected 2 generic arguments
[INFO] [stdout]    |
[INFO] [stdout] help: add missing generic argument
[INFO] [stdout]    |
[INFO] [stdout] 12 | fn multiply(ctx: WasmCtx, args: TestArgs) -> Result<TestRets, E> {
[INFO] [stdout]    |                                                             +++
[INFO] [stdout] 
[INFO] [stdout] 
[INFO] [stdout] error[E0107]: enum takes 2 generic arguments but 1 generic argument was supplied
[INFO] [stdout]   --> examples/wasm/detailed.rs:20:60
[INFO] [stdout]    |
[INFO] [stdout] 20 | fn multiply(ctx: WasmCtx<TestCtxValue>, args: TestArgs) -> Result<TestRets> {
[INFO] [stdout]    |                                                            ^^^^^^ -------- supplied 1 generic argument
[INFO] [stdout]    |                                                            |
[INFO] [stdout]    |                                                            expected 2 generic arguments
[INFO] [stdout]    |
[INFO] [stdout] help: add missing generic argument
[INFO] [stdout]    |
[INFO] [stdout] 20 | fn multiply(ctx: WasmCtx<TestCtxValue>, args: TestArgs) -> Result<TestRets, E> {
[INFO] [stdout]    |                                                                           +++
[INFO] [stdout] 
[INFO] [stdout] 
[INFO] [stdout] error[E0107]: enum takes 2 generic arguments but 1 generic argument was supplied
[INFO] [stdout]  --> examples/wasm/simple.rs:5:46
[INFO] [stdout]   |
[INFO] [stdout] 5 | fn multiply(ctx: WasmCtx, args: TestArgs) -> Result<TestRets> {
[INFO] [stdout]   |                                              ^^^^^^ -------- supplied 1 generic argument
[INFO] [stdout]   |                                              |
[INFO] [stdout]   |                                              expected 2 generic arguments
[INFO] [stdout]   |
[INFO] [stdout] help: add missing generic argument
[INFO] [stdout]   |
[INFO] [stdout] 5 | fn multiply(ctx: WasmCtx, args: TestArgs) -> Result<TestRets, E> {
[INFO] [stdout]   |                                                             +++
[INFO] [stdout] 
[INFO] [stdout] 
[INFO] [stdout] error: aborting due to 13 previous errors
[INFO] [stdout] 
[INFO] [stdout] 
[INFO] [stdout] Some errors have detailed explanations: E0107, E0412, E0432, E0433.
[INFO] [stdout] 
[INFO] [stdout] For more information about an error, try `rustc --explain E0107`.
[INFO] [stdout] 
[INFO] [stdout] error: aborting due to 11 previous errors
[INFO] [stdout] 
[INFO] [stdout] 
[INFO] [stdout] Some errors have detailed explanations: E0107, E0412, E0432, E0433.
[INFO] [stdout] 
[INFO] [stdout] For more information about an error, try `rustc --explain E0107`.
[INFO] [stdout] 
[INFO] [stdout] error: aborting due to 11 previous errors
[INFO] [stdout] 
[INFO] [stdout] 
[INFO] [stdout] Some errors have detailed explanations: E0107, E0412, E0432, E0433.
[INFO] [stdout] 
[INFO] [stdout] For more information about an error, try `rustc --explain E0107`.
[INFO] [stdout] 
[INFO] [stderr] error: could not compile `wasmy` (example "detailed") due to 14 previous errors
[INFO] [stderr] warning: build failed, waiting for other jobs to finish...
[INFO] [stderr] error: could not compile `wasmy` (example "simple") due to 12 previous errors
[INFO] [stderr] error: could not compile `wasmy` (example "custom") due to 12 previous errors
[INFO] [stdout] error: aborting due to 13 previous errors
[INFO] [stdout] 
[INFO] [stdout] 
[INFO] [stdout] Some errors have detailed explanations: E0405, E0412, E0432, E0433.
[INFO] [stdout] 
[INFO] [stdout] For more information about an error, try `rustc --explain E0405`.
[INFO] [stdout] 
[INFO] [stderr] error: could not compile `wasmy` (example "context") due to 14 previous errors
[INFO] running `Command { std: "docker" "inspect" "d1c8fd90e5eeab9e20cb148b5d2b7dd5e9c02d023b255cb68ce9f2d74cc5b1f2", kill_on_drop: false }`
[INFO] running `Command { std: "docker" "rm" "-f" "d1c8fd90e5eeab9e20cb148b5d2b7dd5e9c02d023b255cb68ce9f2d74cc5b1f2", kill_on_drop: false }`
[INFO] [stdout] d1c8fd90e5eeab9e20cb148b5d2b7dd5e9c02d023b255cb68ce9f2d74cc5b1f2
